{"id":150,"date":"2014-12-22T11:21:46","date_gmt":"2014-12-22T10:21:46","guid":{"rendered":"https:\/\/ensemblecvocalkairos.wordpress.com\/?page_id=150"},"modified":"2025-10-14T18:24:30","modified_gmt":"2025-10-14T16:24:30","slug":"le-chef-de-choeur","status":"publish","type":"page","link":"https:\/\/jackmedia.be\/kairos\/index.php\/le-chef-de-choeur\/","title":{"rendered":"Cheffe de choeur"},"content":{"rendered":"<h1 style=\"text-align: center;\">Laurence Renson<\/h1>\n<h1 style=\"text-align: center;\"><img loading=\"lazy\" class=\"alignnone wp-image-2050\" src=\"http:\/\/jackmedia.be\/kairos\/wp-content\/uploads\/2024\/02\/photo-lau-arsys-avril-2017.jpg\" alt=\"\" width=\"271\" height=\"407\" srcset=\"https:\/\/jackmedia.be\/kairos\/wp-content\/uploads\/2024\/02\/photo-lau-arsys-avril-2017.jpg 540w, https:\/\/jackmedia.be\/kairos\/wp-content\/uploads\/2024\/02\/photo-lau-arsys-avril-2017-200x300.jpg 200w, https:\/\/jackmedia.be\/kairos\/wp-content\/uploads\/2024\/02\/photo-lau-arsys-avril-2017-296x444.jpg 296w\" sizes=\"(max-width: 271px) 100vw, 271px\" \/><\/h1>\n<p>Mezzo-soprano, professeure de chant et direction de choeur.<\/p>\n<p>Laurence Renson d\u00e9couvre l&rsquo;univers du chant d\u00e8s l&rsquo;\u00e2ge de six ans, en chantant dans divers choeurs d&rsquo;enfants, puis de jeunes. Elle \u00e9tudie le chant avec Greta de Reyghere, Rachel Yakar, Gerda Hartman, Giuseppe Morino et St\u00e9phane Van Dyck. Depuis lors, le chant choral a toujours \u00e9t\u00e9 une passion non d\u00e9mentie. Apr\u00e8s des \u00e9tudes de chant lyrique au conservatoire, Laurence travaille avec de nombreux ensembles de musique ancienne, en Belgique, en France et aux Pays-Bas : Scherzi Musicali, Arsys Bourgogne, Akad\u00eamia, De Nederlandse Bachvereniging, Cythera, Confl\u00fcences\u2026 Elle chante \u00e0 pr\u00e9sent dans Caldemia et Cannamella, deux ensembles sp\u00e9cialis\u00e9s dans la musique m\u00e9di\u00e9vale et baroque.<\/p>\n<p>Laurence est une p\u00e9dagogue passionn\u00e9e. Elle donne des cours de chant et de musique de chambre vocale dans les sections de musique ancienne et classique de l&rsquo;acad\u00e9mie de Woluwe-Saint-Lambert.<\/p>\n<p>Laurence dirige l\u2019ensemble vocal a cappella Ka\u00efros, avec lequel elle se produit dans de nombreux concerts en Belgique et \u00e0 l\u2019\u00e9tranger. Depuis octobre 2022, elle dirige le Choeur \u00a0<em>Cassandra Koor,<\/em> le ch\u0153ur amateur et engag\u00e9 de La Monnaie, d\u00e9di\u00e9 \u00e0 la d\u00e9fense de l\u2019environnement et des droits humains.<\/p>\n<h2>De 2009 \u00e0 2020<\/h2>\n<h4>l&rsquo;ensemble vocal Kairos a \u00e9t\u00e9 dirig\u00e9 par Bruno Crabb\u00e9 qui en est le fondateur<\/h4>\n<h1 style=\"text-align: center;\"><img loading=\"lazy\" class=\"alignnone wp-image-2053\" src=\"http:\/\/jackmedia.be\/kairos\/wp-content\/uploads\/2024\/02\/p1070358-scaled.jpg\" alt=\"\" width=\"330\" height=\"248\" srcset=\"https:\/\/jackmedia.be\/kairos\/wp-content\/uploads\/2024\/02\/p1070358-scaled.jpg 2560w, https:\/\/jackmedia.be\/kairos\/wp-content\/uploads\/2024\/02\/p1070358-300x225.jpg 300w, https:\/\/jackmedia.be\/kairos\/wp-content\/uploads\/2024\/02\/p1070358-1024x768.jpg 1024w, https:\/\/jackmedia.be\/kairos\/wp-content\/uploads\/2024\/02\/p1070358-768x576.jpg 768w, https:\/\/jackmedia.be\/kairos\/wp-content\/uploads\/2024\/02\/p1070358-1536x1152.jpg 1536w, https:\/\/jackmedia.be\/kairos\/wp-content\/uploads\/2024\/02\/p1070358-2048x1536.jpg 2048w, https:\/\/jackmedia.be\/kairos\/wp-content\/uploads\/2024\/02\/p1070358-1365x1024.jpg 1365w, https:\/\/jackmedia.be\/kairos\/wp-content\/uploads\/2024\/02\/p1070358-618x464.jpg 618w, https:\/\/jackmedia.be\/kairos\/wp-content\/uploads\/2024\/02\/p1070358-138x104.jpg 138w, https:\/\/jackmedia.be\/kairos\/wp-content\/uploads\/2024\/02\/p1070358-444x333.jpg 444w\" sizes=\"(max-width: 330px) 100vw, 330px\" \/><\/h1>\n<p style=\"text-align: left;\">Pianiste, ch<b><\/b>ef de ch\u0153ur et p\u00e9dagogue, Bruno Crabb\u00e9 partageait ses activit\u00e9s entre la musique de chambre, l\u2019enseignement, l\u2019accompagnement, et la direction de ch\u0153ur.<\/p>\n<p style=\"text-align: justify;\">Il a lui-m\u00eame fait partie de plusieurs ensembles vocaux dont le Ch\u0153ur de Chambre de Namur, avec lequel il a travaill\u00e9 durant 10 ans sous la direction de chefs prestigieux (Sigiswald Kuijken, Marc Minkowski, Pierre Cao, Frieder Bernius, Philippe Pierlot&#8230;).<\/p>\n<p style=\"text-align: justify;\">Il \u00e9tait accompagnateur et chef-assistant de la Ma\u00eetrise de la Monnaie avec laquelle il a donn\u00e9 de nombreux concerts en Belgique, en France et aux Pays-Bas. Il \u00e9tait \u00e9galement conseiller artistique aupr\u00e8s de la F\u00e9d\u00e9ration Chorale A C\u0153ur Joie de Bruxelles<\/p>\n<p style=\"text-align: justify;\">Dans le cadre de l\u2019Acad\u00e9mie de Musique de Saint-Gilles (Bruxelles), il a cr\u00e9\u00e9 le ch\u0153ur Da Cagile et l\u2019ensemble vocal Ka\u00efros, dont il a assur\u00e9 la direction pendant 10 ans.<\/p>\n<p style=\"text-align: justify;\">La formation de Bruno Crabb\u00e9 : Apr\u00e8s des \u00e9tudes de p\u00e9dagogie musicale (IMEP \u2013 Namur), il a poursuivi sa formation pianistique aupr\u00e8s de Pascal Sigrist (Conservatoire royal d&rsquo;Anvers), \u00e9tudi\u00e9 l&rsquo;harmonie, la musique de chambre et l&rsquo;accompagnement (Conservatoire royal de Bruxelles). Parall\u00e8lement \u00e0 son activit\u00e9 pianistique, il a travaill\u00e9 le chant avec Lucienne Van Deyck et Eunice Arias, et la direction de ch\u0153ur aupr\u00e8s de Denis Menier et de Bernard T\u00e9tu (Conservatoire National Sup\u00e9rieur de Lyon).<\/p>\n<div id=\"sconnect-is-installed\" style=\"display: none;\">2.15.0.0<\/div>\n<div id=\"ConnectiveDocSignExtentionInstalled\" data-extension-version=\"1.0.4\"><\/div>\n","protected":false},"excerpt":{"rendered":"<p>Laurence Renson Mezzo-soprano, professeure de chant et direction de choeur. Laurence Renson d\u00e9couvre l&rsquo;univers du chant d\u00e8s l&rsquo;\u00e2ge de six ans, en chantant dans divers choeurs d&rsquo;enfants, puis de jeunes. Elle \u00e9tudie le chant avec Greta de Reyghere, Rachel Yakar, Gerda Hartman, Giuseppe Morino et St\u00e9phane Van Dyck. Depuis lors, le chant choral a toujours [&hellip;]<\/p>\n","protected":false},"author":1,"featured_media":892,"parent":0,"menu_order":0,"comment_status":"closed","ping_status":"closed","template":"","meta":[],"_links":{"self":[{"href":"https:\/\/jackmedia.be\/kairos\/index.php\/wp-json\/wp\/v2\/pages\/150"}],"collection":[{"href":"https:\/\/jackmedia.be\/kairos\/index.php\/wp-json\/wp\/v2\/pages"}],"about":[{"href":"https:\/\/jackmedia.be\/kairos\/index.php\/wp-json\/wp\/v2\/types\/page"}],"author":[{"embeddable":true,"href":"https:\/\/jackmedia.be\/kairos\/index.php\/wp-json\/wp\/v2\/users\/1"}],"replies":[{"embeddable":true,"href":"https:\/\/jackmedia.be\/kairos\/index.php\/wp-json\/wp\/v2\/comments?post=150"}],"version-history":[{"count":6,"href":"https:\/\/jackmedia.be\/kairos\/index.php\/wp-json\/wp\/v2\/pages\/150\/revisions"}],"predecessor-version":[{"id":2395,"href":"https:\/\/jackmedia.be\/kairos\/index.php\/wp-json\/wp\/v2\/pages\/150\/revisions\/2395"}],"wp:featuredmedia":[{"embeddable":true,"href":"https:\/\/jackmedia.be\/kairos\/index.php\/wp-json\/wp\/v2\/media\/892"}],"wp:attachment":[{"href":"https:\/\/jackmedia.be\/kairos\/index.php\/wp-json\/wp\/v2\/media?parent=150"}],"curies":[{"name":"wp","href":"https:\/\/api.w.org\/{rel}","templated":true}]}}

<h1 style="text-align: center;">Laurence Renson</h1>
<h1 style="text-align: center;"><img loading="lazy" class="alignnone wp-image-2050" src="http://jackmedia.be/kairos/wp-content/uploads/2024/02/photo-lau-arsys-avril-2017.jpg" alt="" width="271" height="407" srcset="https://jackmedia.be/kairos/wp-content/uploads/2024/02/photo-lau-arsys-avril-2017.jpg 540w, https://jackmedia.be/kairos/wp-content/uploads/2024/02/photo-lau-arsys-avril-2017-200x300.jpg 200w, https://jackmedia.be/kairos/wp-content/uploads/2024/02/photo-lau-arsys-avril-2017-296x444.jpg 296w" sizes="(max-width: 271px) 100vw, 271px" /></h1>
<p>Mezzo-soprano, professeure de chant et direction de choeur.</p>
<p>Laurence Renson découvre l&rsquo;univers du chant dès l&rsquo;âge de six ans, en chantant dans divers choeurs d&rsquo;enfants, puis de jeunes. Elle étudie le chant avec Greta de Reyghere, Rachel Yakar, Gerda Hartman, Giuseppe Morino et Stéphane Van Dyck. Depuis lors, le chant choral a toujours été une passion non démentie. Après des études de chant lyrique au conservatoire, Laurence travaille avec de nombreux ensembles de musique ancienne, en Belgique, en France et aux Pays-Bas : Scherzi Musicali, Arsys Bourgogne, Akadêmia, De Nederlandse Bachvereniging, Cythera, Conflüences… Elle chante à présent dans Caldemia et Cannamella, deux ensembles spécialisés dans la musique médiévale et baroque.</p>
<p>Laurence est une pédagogue passionnée. Elle donne des cours de chant et de musique de chambre vocale dans les sections de musique ancienne et classique de l&rsquo;académie de Woluwe-Saint-Lambert.</p>
<p>Laurence dirige l’ensemble vocal a cappella Kaïros, avec lequel elle se produit dans de nombreux concerts en Belgique et à l’étranger. Depuis octobre 2022, elle dirige le Choeur  <em>Cassandra Koor,</em> le chœur amateur et engagé de La Monnaie, dédié à la défense de l’environnement et des droits humains.</p>
<h2>De 2009 à 2020</h2>
<h4>l&rsquo;ensemble vocal Kairos a été dirigé par Bruno Crabbé qui en est le fondateur</h4>
<h1 style="text-align: center;"><img loading="lazy" class="alignnone wp-image-2053" src="http://jackmedia.be/kairos/wp-content/uploads/2024/02/p1070358-scaled.jpg" alt="" width="330" height="248" srcset="https://jackmedia.be/kairos/wp-content/uploads/2024/02/p1070358-scaled.jpg 2560w, https://jackmedia.be/kairos/wp-content/uploads/2024/02/p1070358-300x225.jpg 300w, https://jackmedia.be/kairos/wp-content/uploads/2024/02/p1070358-1024x768.jpg 1024w, https://jackmedia.be/kairos/wp-content/uploads/2024/02/p1070358-768x576.jpg 768w, https://jackmedia.be/kairos/wp-content/uploads/2024/02/p1070358-1536x1152.jpg 1536w, https://jackmedia.be/kairos/wp-content/uploads/2024/02/p1070358-2048x1536.jpg 2048w, https://jackmedia.be/kairos/wp-content/uploads/2024/02/p1070358-1365x1024.jpg 1365w, https://jackmedia.be/kairos/wp-content/uploads/2024/02/p1070358-618x464.jpg 618w, https://jackmedia.be/kairos/wp-content/uploads/2024/02/p1070358-138x104.jpg 138w, https://jackmedia.be/kairos/wp-content/uploads/2024/02/p1070358-444x333.jpg 444w" sizes="(max-width: 330px) 100vw, 330px" /></h1>
<p style="text-align: left;">Pianiste, ch<b></b>ef de chœur et pédagogue, Bruno Crabbé partageait ses activités entre la musique de chambre, l’enseignement, l’accompagnement, et la direction de chœur.</p>
<p style="text-align: justify;">Il a lui-même fait partie de plusieurs ensembles vocaux dont le Chœur de Chambre de Namur, avec lequel il a travaillé durant 10 ans sous la direction de chefs prestigieux (Sigiswald Kuijken, Marc Minkowski, Pierre Cao, Frieder Bernius, Philippe Pierlot&#8230;).</p>
<p style="text-align: justify;">Il était accompagnateur et chef-assistant de la Maîtrise de la Monnaie avec laquelle il a donné de nombreux concerts en Belgique, en France et aux Pays-Bas. Il était également conseiller artistique auprès de la Fédération Chorale A Cœur Joie de Bruxelles</p>
<p style="text-align: justify;">Dans le cadre de l’Académie de Musique de Saint-Gilles (Bruxelles), il a créé le chœur Da Cagile et l’ensemble vocal Kaïros, dont il a assuré la direction pendant 10 ans.</p>
<p style="text-align: justify;">La formation de Bruno Crabbé : Après des études de pédagogie musicale (IMEP – Namur), il a poursuivi sa formation pianistique auprès de Pascal Sigrist (Conservatoire royal d&rsquo;Anvers), étudié l&rsquo;harmonie, la musique de chambre et l&rsquo;accompagnement (Conservatoire royal de Bruxelles). Parallèlement à son activité pianistique, il a travaillé le chant avec Lucienne Van Deyck et Eunice Arias, et la direction de chœur auprès de Denis Menier et de Bernard Tétu (Conservatoire National Supérieur de Lyon).</p>
<div id="sconnect-is-installed" style="display: none;">2.15.0.0</div>
<div id="ConnectiveDocSignExtentionInstalled" data-extension-version="1.0.4"></div>

<p>Laurence Renson Mezzo-soprano, professeure de chant et direction de choeur. Laurence Renson découvre l&rsquo;univers du chant dès l&rsquo;âge de six ans, en chantant dans divers choeurs d&rsquo;enfants, puis de jeunes. Elle étudie le chant avec Greta de Reyghere, Rachel Yakar, Gerda Hartman, Giuseppe Morino et Stéphane Van Dyck. Depuis lors, le chant choral a toujours [&hellip;]</p>
